ite?
True
Suppose 8 = 8*q - 24. Suppose 6*l + 3*s = l + 4805, 3*l = -q*s + 2894. Is l prime?
False
Let v be -4 - (149 - 4)*-1. Suppose v = -5*w + 926. Is w prime?
True
Let w(k) = -149*k**3 + 7*k**2 + 11*k + 13. Is w(-4) a prime number?
False
Let c(g) = -g**3 + 6*g**2 - 5*g + 13. Let s be c(9). Let v = s - -402. Is v a prime number?
True
Let p(r) = 1. Let g(a) = 403*a + 19. Let y(h) = -g(h) - 2*p(h). Let q be y(-6). Suppose u - 504 = 5*c, 5*u - c - q = 195. Is u a composite number?
True
Suppose 4*u = 2*d - 17826, 4*d + 2*u - 8893 = 3*d. Is d composite?
True
Suppose 2*l = l - 5*a - 16, -2*a = -l + 5. Is (-2*(-3)/(-6))/(l/2777) composite?
False
Let c = 48 + -222. Let g be c/(-15)*10/4. Suppose 2*b + g = 99. Is b a composite number?
True
Let s(x) = 3*x + 6. Let t be s(-7). Is 2*-293*(2 - t/(-6)) a prime number?
True
Let h(n) = 12*n**2 + 40*n - 23. Let a be h(23). Suppose -1147 = 2*d - a. Is d composite?
False
Suppose -16*q = 3*q - 72979. Is q a composite number?
True
Suppose -740 = -5*i + 5*x, -4*x + 632 = 5*i - i. Let c = 26 + i. Is c a prime number?
True
Let t = 9469 - 6354. Let g = t - 2118. Is g prime?
True
Suppose 2*x + 1325 - 4111 = 5*z, 5572 = 4*x + 4*z. Is x prime?
False
Suppose 3*g - 5*w = -0*g + 183925, 0 = 4*g + 5*w - 245280. Is g a prime number?
False
Suppose -4*j = -3*b + 6792, 3*b = -b + 5*j + 9057. Let a = b + -1009. Is a a composite number?
False
Suppose 5*n = 8*c - 4*c - 81, 2*c + 3*n - 35 = 0. Suppose 5*v - 106 = c. Is v a prime number?
False
Let u be -4 + 1/((-2)/(-28)). Suppose 3*z - 39793 = -u*z. Is z prime?
True
Suppose -67459 = -3*d + 5*h, -d - 3*h = -7*h - 22477. Is d prime?
False
Let h = 16 + -8. Suppose -2*d + 836 = 2*l + d, -4*d = -h. Is l a composite number?
True
Suppose -295*a = -296*a + 21251. Is a a prime number?
False
Suppose 2*j + 14976 = -10*j. Let x = j + 2087. Is x prime?
True
Let x(v) = 3500*v + 557. Is x(6) a composite number?
False
Let h = 342 - 642. Let a = h + 979. Is a prime?
False
Let w(q) = -q**3 - 11*q**2 - 9*q + 9. Let f be w(-9). Is (-16072)/f + (-4)/18 composite?
False
Let a(g) = -g - 9. Let p be a(-14). Suppose 662 = p*r - 1533. Is r a prime number?
True
Let p be (-34410)/(-78) + (-2)/13. Suppose -4*a + p + 403 = 0. Is a composite?
False
Let p(w) = 1012*w - 185. Is p(12) a composite number?
False
Suppose 0 = 5*o - 10*o - 20, o = -2*l - 4. Suppose 4*j - 4*q - 760 = l, -2*q = -j + 65 + 121. Is j composite?
True
Let d(q) = q**2 - 3*q - 1. Let k be d(-5). Let o = 26 + k. Is o a composite number?
True
Suppose -2*u - 3*u = -6*u. Is (2612/10)/((-10)/(-25) + u) prime?
True
Let m(k) = k**2 - 9*k + 10. Let g be m(8). Suppose -g*q + 0*q = 8. Is (-190)/q - (-4)/(-8) a composite number?
False
Let p(k) = k**3 - 4*k**2 - 6*k + 5. Let y be p(5). Suppose y*v + 554 = 2*v + 5*c, v - 251 = 4*c. Is v prime?
False
Suppose 93*i = 103*i - 4710. Is i a composite number?
True
Let w be 3/12 + (-6)/(-8). Let l(u) = -499*u**3 + u**2 - u - 2. Let f(j) = j**3 + 1. Let h(g) = -2*f(g) - l(g). Is h(w) composite?
True
Suppose 0 = -79*i + 68*i + 90761. Is i a composite number?
True
Let t(i) = -1263*i + 63. Let p be t(-19). Suppose -p = -17*d + 5*d. Is d a composite number?
True
Is 6166 - (-31 + 32 - (3 + 1)) composite?
True
Let t = 39 + 10. Suppose -s + 606 = -t. Is s prime?
False
Suppose 338 - 1225 = -n. Let v = n + -125. Is (-6)/(-4)*v/9 a prime number?
True
Suppose d + w = 5*w - 3, 0 = d - 5*w + 5. Suppose 2*t = 2*r - t + 9, -10 = d*r - 5*t. Suppose 0*i - 3*i = 0, 1239 = r*k + 5*i. Is k composite?
True
Let n be (-2)/(-5) + 36/10. Suppose 0 = 2*b - 3*a - 536, 3*b + 0*a - n*a - 803 = 0. Is b a prime number?
False
Suppose 0 = -16*z + 159570 + 1390270. Is z prime?
False
Let g = -39 + 45. Suppose -1623 - 99 = -g*q. Is q a prime number?
False
Let s(r) = 13*r**2 + r. Let l be s(-1). Suppose 0*o - o = -l. Suppose 4*h - h = -o, -2*h + 564 = 4*p. Is p a prime number?
False
Suppose 12*t = -32*t + 241912. Is t a prime number?
False
Let u = 2628 + -197. Suppose u = -8*f + 10343. Is f prime?
False
Is (-894)/18*(-3 + -120) a prime number?
False
Suppose 0 = 2*g + 3*w - 12 - 3, 4*g + 4*w - 24 = 0. Is (-4 - (g + -8))/((-2)/(-254)) composite?
False
Let o = 33 - 10. Suppose 0 = o*i - 18*i + 20. Is i/5 - 432/(-40) composite?
True
Suppose c = 5*s + 11394, 4*s = 20*c - 23*c + 34087. Is c composite?
False
Is 26139*-7*3/(-63) composite?
False
Let h = 578 + -1217. Let c = -320 - h. Is c composite?
True
Let k be ((-24)/(-40))/((-2)/(-10)). Suppose -m + 3*m = -k*f + 13, 5*m - 16 = -2*f. Suppose -3*u - 2*i + 117 = 0, -f*u - 5*i + 176 - 50 = 0. Is u prime?
True
Let g = 21764 + 6599. Is g a prime number?
False
Let v(u) = 2*u + 12. Let m be v(-5). Suppose -r - 599 = -m*r. Suppose -5*y + r = -456. Is y composite?
False
Let h(w) = w**3 + 11*w**2 - 8*w + 5. Let q(o) = o**3 - 11*o**2 - 9. Let t be q(11). Is h(t) composite?
False
Let g(u) = -u**2 + 5*u - 1. Let q be g(4). Is (-1657)/(-2)*(-1 + 7)/q a composite number?
False
Let f(q) = q - 2. Let v be f(8). Let z be (-12)/9*1539/v. Let l = 481 + z. Is l composite?
False
Suppose 24*y - 4*y = 57940. Is y a prime number?
True
Suppose -5*i = 2*a - 14599 - 51846, -2*i - 2*a = -26572. Is i composite?
False
Suppose -11*u = -3*u - 48. Suppose -u*r = -r - 1855. Is r composite?
True
Let g be 78 + (-1)/((-2)/4). Let z = 147 - g. Suppose 0 = -5*q + z + 38. Is q a prime number?
False
Let u(r) = -29*r**2 - 9*r - 1 + 4 + 3 + 31*r**2. Let a(s) = -10*s - 1. Let l be a(-1). Is u(l) composite?
True
Suppose -w = -d - 440, d - 1 = 2. Is w a prime number?
True
Suppose 0 = 2*z + 4*r - 44, -45 = -5*z + 2*z + r. Is ((-106)/8)/((-2)/z) a composite number?
True
Suppose -20 = -7*x + 2*x. Suppose 2*g + b - 5 = 0, g - x*g - 3*b + 15 = 0. Suppose q = 5*h + 137, -5*q - 2*h + 631 = -g*q. Is q a composite number?
False
Suppose v = -19 - 29. Let i = v - -11. Let b = i - -126. Is b a composite number?
False
Let l(k) = 11*k**2 + 4*k - 7. Suppose 4*p = -3*f - 37, -f - f - 6 = 0. Let g = -1 - p. Is l(g) a composite number?
True
Let z(s) be the first derivative of -12*s**2 - 5*s - 2*s + 4*s + 2*s - 2. Is z(-5) a prime number?
False
Suppose 0*p = 22*p - 81026. Is p a prime number?
False
Let s(l) = -80*l**3 - 5*l**2 - 1. Is s(-4) a composite number?
False
Suppose 10 = 2*b + 32. Let d(f) = f**2 + f + 9. Is d(b) composite?
True
Let l(r) = -32*r**3 - r**2 - 2*r. Suppose 5*s - 5*b = 0, -2*b - b = s + 4. Is l(s) composite?
True
Let p = -20 - -14. Let g be (1 - -28)/(p/(-18)). Let r = 198 - g. Is r a prime number?
False
Let j = -11 + -1. Let l(i) = 4*i**2 - 47*i - 27. Let q(d) = -d**2 + 15*d + 9. Let a(p) = 2*l(p) + 7*q(p). Is a(j) a prime number?
False
Suppose 0 = -2*v - 4*r, v + 5*r - 1 = -4. Suppose 0 = v*j - j - 220. Let f = j - 9. Is f a prime number?
True
Let n(l) = -19*l - 67. Is n(-26) composite?
True
Let n be (-1 + 3)*(-32)/8. Let b be 4/n + (-5)/(-2). Suppose 3*y + 5 = 4*y, y = -b*d + 337. Is d a prime number?
False
Let h be ((-144)/18)/(-1 + -1). Suppose -111 = -h*a + a. Is a a prime number?
True
Let t = 15233 - 4656. Is t composite?
True
Suppose 73294 = -785*c + 798*c. Is c composite?
True
Let h(n) = 6*n**3 - 9*n**2 + 2*n + 1. Let q be h(4). Let k = 50 + q. Is k a prime number?
False
Is 65/(-130) - ((-96741)/2)/3 composite?
True
Suppose 0*l = 4*v - 3*l - 8187, -4*v + 4*l = -8184. Let x = v + -1072. Is x a prime number?
True
Let l = 22 - -12. Let o = 34 - l. Suppose o = 5*c - 675 - 580. Is c a prime number?
True
Let u = 563 - 385. Suppose -v + 3*v = u. Is v a composite number?
False
Let u(x) = -24*x - 59. Let z = -27 - -8. Is u(z) a prime number?
True
Let f(y) = -y**2 + y. Let g(t) = 7*t**2 - 7*t + 8. Let l(r) = 2*f(r) + g(r). Let p be l(-12). Let q = -531 + p. Is q prime?
True
Suppose -2*d = 2 - 6. Suppose -5*j + 5*f = -2390, -4*j - d*f + 2384 = 502. Is j a prime number?
False
Suppose 0 = -4*d - 7*d + 79541. Is d a prime number?
False
Is ((3 - 5) + -919)/(10 + -13) a composite number?
False
Is (141612/8)/((-63)/(-84)) a composite number?
True
Suppose 10*b - 6*b = 17764. Is b a composite number?
False
Let z(p) = -p**3 + 13*p**2 + p - 8. Let o be z(13). Suppose o*n - 105 = -w, -55 = 3*w - 3*n - 352. Let a = w + -33. Is a prime?
True
Let s(i) = 302*i**3 + 2*i**2 + 13*i - 15. Is s(2) composite?
True
Suppose 3*t = 3*c + 12, -5*c = -0*t - 4*t + 16. Suppos